0 = -2*t, -5*q - 2*t = 1758 + 27. Let c = -273 - q. What is the greatest common factor of c and 24?
12
Let p(q) = 17*q + 102. Let t be p(-5). What is the highest common factor of t and 7?
1
Let o be (15 - (-2)/1)*(8 - 0). Calculate the highest common divisor of 15878 and o.
34
Let c = -4551 + 4569. Calculate the highest common factor of 153 and c.
9
Let n be 64/80*((-52)/(-286) + (-7918)/(-11)). What is the highest common divisor of 144 and n?
144
Suppose -98*j + 317925 = 7*j - 226500. What is the highest common factor of 680 and j?
85
Let s(d) = -3*d**3 - 2*d**2 + 19*d + 5612. Let r be s(0). What is the greatest common divisor of r and 184?
92
Let s be (1474/(-804)*(-16)/22)/(4/138). What is the greatest common factor of s and 25484?
46
Let c(o) = -91*o + 2*o**2 - 3*o**2 - 2 + 79*o. Let j be c(-10). Suppose 5 = 4*r + 3*q - 17, -3*q = 3*r - j. What is the highest common divisor of 28 and r?
4
Suppose -76*x + 8*x = -7616. Calculate the greatest common divisor of 742 and x.
14
Let n = 13954 - 13504. Calculate the highest common divisor of 5325 and n.
75
Let p(f) = -16*f + 2660. Let w be p(162). Calculate the highest common divisor of w and 13906.
34
Let i(l) = l**2 + 210*l + 1715. Let x be i(-8). What is the highest common divisor of 55 and x?
11
Let l(y) = 50*y**2 + 20*y - 1. Let v be l(3). Suppose 24*u = -v + 1613. What is the highest common factor of u and 322?
46
Let i(w) = -w**3 + 38*w**2 + 36*w - 81. Let m be i(28). Calculate the greatest common factor of m and 11.
11
Let s be (-6)/(-54)*-6*24. Let i be (48/3)/((-8)/s). What is the greatest common divisor of i and 160?
32
Let u(q) = -159*q + 7207. Let y be u(45). Suppose -2*l + 117 = l. What is the greatest common factor of y and l?
13
Let r be (-6)/10*(0 - 5). Suppose -r*x + 52 = -116. Suppose 48 = -12*n + 132. Calculate the highest common divisor of n and x.
7
Suppose -39 = -k - 4*g, -15*k - 3*g = -18*k + 72. Calculate the greatest common divisor of 25 and k.
1
Let j be (21/(-28) + (-62)/24)*(-42)/4. What is the greatest common factor of j and 231?
7
Let p = -1257 - -1275. What is the highest common factor of 198 and p?
18
Suppose -20719 - 5836 = -96*b - 3227. Calculate the highest common factor of 513 and b.
27
Let b be 10/3*3 - 2. Suppose 7 = t, -3*m = -5*t + 20 - 213. What is the highest common divisor of b and m?
4
Let r be 24634/1526 + 12/14 + 1*-6. Suppose 3*h = h - 4*c - 594, -4*h - 1206 = 2*c. Let u = 457 + h. Calculate the highest common factor of r and u.
11
Let h be (-23808)/(-15)*75/30 - -14. Calculate the greatest common factor of h and 77.
11
Let x(h) = 6*h + 16. Let b be x(0). Let y = 36 - b. Calculate the highest common factor of y and 160.
20
Let i(m) = -3*m + 6. Suppose 4*k - 50 = -10. Let z be i(k). Let h = z + 55. Calculate the highest common factor of h and 31.
31
Let u(d) = -5*d + 4. Let z be u(-6). Let s(o) = 4*o**2 + 22*o - 7. Let k be s(8). Calculate the greatest common divisor of z and k.
17
Let h(z) = 119*z**2 - 246*z + 994. Let o be h(4). Calculate the highest common divisor of o and 29.
29
Suppose -3*i - 88*y + 100963 = -93*y, 4*i = -3*y + 134598. Calculate the highest common factor of i and 9.
9
Let s be 95459/78 - (7/(-6) + 3/3). What is the greatest common factor of s and 16?
8
Let u be (-4200)/(-1750)*2990/8. What is the greatest common divisor of 39 and u?
39
Let m(r) = 7*r**3 + 52*r**2 + 91*r + 10. Let n be m(-4). Suppose -7*g = -3*g - 984. Let j = 426 - g. Calculate the highest common factor of n and j.
30
Suppose -15 + 47 = 4*p. Let k(a) = -7*a**2 + 85*a + 76. Let z be k(12). Calculate the greatest common divisor of p and z.
8
Let p be 80/110*5/(-20) - (-1170)/22. What is the greatest common factor of 2597 and p?
53
Let z be (-3)/(-1)*(-169)/(-3). Let g be (-180)/(-50)*125/(-50) + 113. What is the greatest common divisor of g and z?
13
Let y(n) = 213*n**2 - 86*n - 37. Let d be y(7). Calculate the highest common divisor of 828 and d.
138
Let l(y) = 2*y**2 - 3*y - 10. Let d be l(0). Let j(q) = -q**3 - 9*q**2 + 18*q + 111. Let g be j(d). What is the greatest common divisor of g and 31?
31
Let u = -428 - -2443. Calculate the greatest common divisor of 775 and u.
155
Let b = -97278 - -97533. Let a(w) = -12*w**3 + 2*w**2 + w. Let j be a(-2). What is the greatest common factor of b and j?
51
Suppose -5*o - p + 994 = 0, 17 - 623 = -3*o - 3*p. Suppose 4*m = -5*l + 37, m - 65*l - 32 = -63*l. What is the highest common factor of o and m?
18
Let a be ((-11 + 5)/1 - -8) + -3 - -2946. What is the greatest common factor of 31 and a?
31
Let o(f) be the first derivative of -f**4/4 - 8*f**3/3 + 7*f**2/2 + 11*f - 37. Let k be o(-9). Calculate the highest common factor of 29 and k.
29
Suppose 186*x = 280*x + 504*x - 259532. Calculate the highest common factor of x and 9331.
217
Let v = 2649 - 6250. Let f = -2053 - v. What is the greatest common factor of 36 and f?
36
Suppose 0 = 18*i - 24*i - 684. Let y = i - -198. What is the highest common factor of 378 and y?
42
Let o be (-56 - -11)/((-12)/32). Suppose -5*g + 2*y + o = -3*g, 3*g - y = 182. Calculate the greatest common divisor of g and 122.
61
Let i(u) = 165*u - 6. Suppose 5*p - v - 4 = 0, -10 = p - 2*v - 9. Let b be i(p). What is the highest common factor of 106 and b?
53
Suppose 0*v = v - 15. Suppose -3*t - v + 0 = 0. Let a be 3536/20 - (-4)/t. What is the highest common factor of a and 22?
22
Suppose -5*p + 932 - 157 = 0. Let g = -697 - -497. Let b = g + 231. Calculate the highest common factor of p and b.
31
Let s = 7909 - 7810. Calculate the greatest common divisor of s and 429.
33
Let b = 30 + -26. Let r be 54/(b*5/30). Calculate the greatest common factor of r and 189.
27
Let i(b) = -4*b**3 - 4*b**2 - 3*b - 2. Let k be i(-2). Let d = 102 - -18. Let r be 3 + (2/10 - d/(-25)). Calculate the highest common factor of k and r.
4
Suppose 0 = 25*a - 21118 - 63907. Let h = -2026 + a. Calculate the highest common divisor of h and 55.
55
Let o be ((-1)/(-4) - (-140)/(-176)) + 1342388/187. Calculate the highest common factor of 74 and o.
74
Suppose -5*x - 2*j - 1050 = 0, -9*j = -2*x - 4*j - 391. Let m = x + 217. What is the highest common factor of 225 and m?
9
Let a = -48 + 88. Let t(m) = m**3 + 28*m**2 - 1522*m - 288. Let g be t(28). What is the highest common factor of a and g?
40
Suppose 5*v - 2*a - 41040 = 0, -240*a + 41040 = 5*v - 247*a. Calculate the highest common factor of v and 57.
57
Let s(z) = -10*z - 4. Let n be s(-6). Suppose 5*j - 19 = 11. Let w(c) = -c**2 + 8*c - 4. Let q be w(j). What is the highest common factor of q and n?
8
Let m(b) = 4*b + 18. Let i be m(2). Let l(v) be the first derivative of -19*v**2 + v - 6. Let u be l(-1). What is the greatest common factor of u and i?
13
Let r be 88/(-14) + ((-255)/(-35) - 7). Let u be 3/2 - 171/r. Suppose -4*b + 206 = c, c - 2*b - 139 = 73. Calculate the greatest common factor of c and u.
30
Let p(q) = 3*q**2 - 2*q + 3. Let b be p(-3). Let f be ((-1)/2)/(14/(-476)). Suppose f = 2*u - 163. What is the highest common divisor of u and b?
18
Let u(i) = -i**3 + 190*i**2 - 29*i + 5540. Let c be u(190). Suppose 5*d - 322 = -4*v, 5*v = 4*d + 566 - 184. Calculate the greatest common divisor of c and v.
6
Suppose 49*m - 14600 = -226*m - 2775. What is the greatest common factor of m and 5375?
43
Suppose -75*h + 68*h + 112 = 0. Suppose -17*f + 396 = h*f. Suppose -5*m = -4*t + t - 54, -4*t - 28 = -3*m. What is the greatest common divisor of f and m?
12
Suppose 1039*s - 58525 + 19043 = 0. What is the highest common factor of 105 and s?
1
Let j = 3837 + -3715. Calculate the highest common factor of j and 2379.
61
Suppose 0 = -4*x + 2*p + 20, -4*p + 11 = -5*x + 33. Let o be ((-9)/x)/(-1 - (-2)/4). Suppose 0 = -7*s + 4 + o. What is the highest common divisor of 7 and s?
1
Let c be (-4 - -8) + -2 + 1. Let f = c + 0. Calculate the highest common factor of f and 63.
3
Let a = -17167 + 17182. Calculate the greatest common factor of a and 19185.
15
Suppose -2*p - 339 = -5*m, 264 = 4*m + 19*p - 17*p. Calculate the greatest common divisor of m and 14941.
67
Let f be (-38)/(-10) + 72/60. Suppose -f*c + r + 31 = -13, 0 = -4*c - 3*r + 20. What is the highest common factor of c and 28?
4
Let k be 2*(3 - (6 + -5)). Suppose -3*j + 2*l + 312 = 0, -l - k*l + 393 = 4*j. Calculate the highe